 What are the prime factors of h?
2, 5
Let m be (192/(-28))/(1/7). Let o = 89 + m. What are the prime factors of o?
41
Let w be (198/55)/(6/(-20)). What are the prime factors of 8/w + (-250)/(-6)?
41
List the prime factors of (8852/(-10))/((160/50)/(-8)).
2213
Let f(g) = -361*g**3 - g**2 + g + 2. List the prime factors of f(-1).
19
Let w(q) = -7*q + 9. Let d(v) = 0*v - 2*v - 2*v + 5 - 1. Let a(y) = -5*d(y) + 3*w(y). List the prime factors of a(-9).
2
Let l be (-8*3)/(-8) + 30*2. Suppose -2*v + l = -175. List the prime factors of v.
7, 17
Let r = -30 + 18. Let x = -5 - r. Let u = 8 + x. What are the prime factors of u?
3, 5
Let a be (-354)/(-42) + -1 + 4/7. Suppose 10*x - 104 = a*x. What are the prime factors of x?
2, 13
Let o = 26 + -56. Let b be 12/o - 2/(-5). List the prime factors of 1/(b - (-3)/39).
13
Let t(w) = 24*w + 489. What are the prime factors of t(46)?
3, 59
Let h(m) = -10*m**3 - m**2 + 1. Let b be h(-1). Suppose -t + b = -12. List the prime factors of t.
2, 11
Let p = -15 - -294. List the prime factors of p.
3, 31
What are the prime factors of 1595 + (-3)/(-6)*-4?
3, 59
Suppose -3*t - 17 = -2. Suppose -3*s - 3*u + 47 = 2*u, -30 = -2*s - 2*u. Let h = t + s. List the prime factors of h.
3
Suppose -4*n - 2352 = -3*z, 5*z - 4461 + 576 = -5*n. List the prime factors of z.
2, 3, 5, 13
Suppose w = -w + 2*l + 4, 3*w - 4*l - 6 = 0. Let v be (-1)/(-1) - (-80 - 1). Suppose z = 5*t - 0*z - v, 0 = w*t - z - 34. List the prime factors of t.
2
Let c(b) = b**3 + 29*b**2 - 36*b + 93. What are the prime factors of c(-29)?
3, 379
Suppose -4*b + 140 = 48. Suppose 433 = 5*l - 4*t, -4*l - b + 359 = 2*t. What are the prime factors of l?
5, 17
Suppose 4*w - 27 = k, w + k + k = 9. List the prime factors of 128 - (-1 + w + -4).
2, 3, 7
Let i(q) = -11*q - 10. Suppose -2*h - m + 17 = 4*m, -m - 29 = -5*h. Let y be i(h). List the prime factors of (y/(-6))/((-6)/(-9)).
19
Let b(n) = 18*n**3 - 6*n**2 + 10*n - 11. List the prime factors of b(3).
11, 41
Let o(g) = -2*g - 16. Let z be o(-10). Suppose 1570 = 6*y + z*y. List the prime factors of y.
157
Let m be -2 - (1 - (3 + 2)). Suppose -m*x = -7*x + 675. List the prime factors of x.
3, 5
Let h = 1484 - 706. What are the prime factors of h?
2, 389
Suppose 5*c = 2*r + 140, r - 2*c = -73 + 2. Let g = r - -89. What are the prime factors of g?
2, 7
Let g(w) = 35*w - 192. What are the prime factors of g(35)?
1033
Let o be (-11286)/63 + 2/14. Let d = 282 + o. List the prime factors of d.
103
Let y(g) = g**3 - 7*g**2 + 5*g + 8. Let a be y(6). Suppose 532 = 9*x - a*x. What are the prime factors of x?
2, 19
Let m = 25 + -13. Let w = -20 + m. Let d(a) = a**2 + 9*a + 10. What are the prime factors of d(w)?
2
Let f(p) be the third derivative of -p**6/120 + p**5/15 - p**4/6 + p**3/3 + 6*p**2. Let i be f(2). What are the prime factors of 78*i/(3 - -3)?
2, 13
Suppose 3*h - 2*h = 942. List the prime factors of h.
2, 3, 157
Let j be (-9)/(-2*(-3)/(-12)). Let z = 32 - j. List the prime factors of z.
2, 7
Suppose -112*b + 204904 = -181720. List the prime factors of b.
2, 863
Suppose -4*l - 3*y + 28 = -8*y, 18 = -l - 5*y. Suppose 2*z - 9 = -l*w + 7, 5*w = 3*z. List the prime factors of w.
3
Let t(h) = h**2 - 16*h + 17. Let d(y) = -2*y**2 + y + 18. Let r be d(0). List the prime factors of t(r).
53
Let x(j) = 18*j**3 - 4*j**2 + 2*j + 1. Let g be x(-2). Let d = 302 + g. What are the prime factors of d?
139
Suppose 4*j = 3*p + 38 + 1, 3*j - 30 = 2*p. Let y = j + 10. What are the prime factors of y?
2, 11
Let s(m) = -27*m - 11. Let f be s(-8). Let v = -105 + f. Suppose 3*k = 4*g + 22 + 22, 4*k + 5*g - v = 0. List the prime factors of k.
2, 5
Suppose 5*s = 3*s - 24. Let w(n) = n**3 + n**2. Let i(g) = -g**3 + 10*g**2 - 17. Let t(y) = -i(y) - 2*w(y). What are the prime factors of t(s)?
17
Suppose 2*i - 8 + 4 = 0. Let w be i/(1/(-1) - -3). What are the prime factors of 54 + ((-3)/3)/w?
53
Let h = -49 - -230. What are the prime factors of h?
181
Suppose -k + 73 = 2*m, 0 = -0*m + 5*m - 4*k - 202. Suppose -m*j + 34*j = -408. List the prime factors of j.
2, 3, 17
Let y be 6 + -4 + 1 - 3. Suppose 49 = p + 3*h, -5*p + h - 3*h + 193 = y. List the prime factors of p.
37
Let r be (1011/6)/(1/(4 + -2)). Suppose -3*x + 497 = -r. What are the prime factors of x?
2, 139
Suppose -120 = -4*u - 3*i + 33, 3*i - 81 = -2*u. Let w be 4*6*12/u. Let k = w - -11. What are the prime factors of k?
19
List the prime factors of 5 + 204/(-60) + 11526/15.
2, 5, 7, 11
Let p = -81 - -129. What are the prime factors of p?
2, 3
What are the prime factors of (-41076)/24*(-6)/7?
3, 163
Suppose 0 = r - 4*l - 219, 3*l - 5 = -2. List the prime factors of r.
223
Let v(t) = -45*t - 15. List the prime factors of v(-12).
3, 5, 7
Let h(f) = -f**3 + 32*f**2 + 87*f + 55. List the prime factors of h(34).
701
Let h = 3 - 2. Suppose 6*w - 66 = 3*w. Let i = h + w. What are the prime factors of i?
23
Let v(w) = w**3 - w**2 - w - 28. What are the prime factors of v(8)?
2, 103
Suppose -5*k + 30603 = -d, 3*k - 23510 = 5*d - 5135. List the prime factors of k.
2, 3, 5, 17
What are the prime factors of (-7 + 8)*1*(3 + 122)?
5
Suppose 0 = -6*t - 11*t + 833. List the prime factors of t.
7
Let o(h) = h**3 - 4*h**2 - 2*h + 7. Suppose 2*t + 5*c - 24 = 0, -4*t + 3*c + 0*c = -22. What are the prime factors of o(t)?
2, 5, 7
Let f = 45 + -105. Let l = f + 182. List the prime factors of l.
2, 61
Let t be (2/4)/(6/(-12)). Let h = t + 35. List the prime factors of h.
2, 17
Let z(u) = -u**3 - 5*u**2 - 2*u. Let n be z(-2). Suppose 21*h - 19*h = -648. What are the prime factors of -4 - h/(n/(-2))?
7, 11
Suppose 4*k - 7471 = -5*c, -c + k = -k - 1483. What are the prime factors of c?
3, 7, 71
List the prime factors of (-807)/(-4)*(-16)/(-12).
269
Let c(q) = 3*q**2 - 44*q - 199. What are the prime factors of c(-19)?
2, 5, 43
Let w = 26 - -126. List the prime factors of (w/32)/(2/8).
19
Suppose 0 = -2*b + 1192 + 1006. What are the prime factors of b?
7, 157
Suppose 0 = 9*l - 4*l - 525. Suppose 5*b + 3*h = h + 160, -4*b + 3*h = -l. What are the prime factors of b?
2, 3, 5
List the prime factors of 11804/24 + (-6)/(-36).
2, 3, 41
Let b(k) = 2*k**3 + 7*k**2 - 33. What are the prime factors of b(9)?
2, 3, 83
Let k(c) = 73*c**2 - 31*c + 137. What are the prime factors of k(4)?
1181
Let c(k) = k**2 + 6*k + 166. List the prime factors of c(-40).
2, 7, 109
Let l = 15 - -797. What are the prime factors of l?
2, 7, 29
Suppose -5*k + 3*n = -8482, -4*k + n = -3*n - 6784. What are the prime factors of k?
1697
Suppose 0 = -4*n - l - 27, 3*n = -n - 4*l - 24. List the prime factors of 2/n - ((-7750)/(-35))/(-5).
2, 11
What are the prime factors of 237 - (13 + -10 + (-2 - -3))?
233
Suppose r + r = u + 14, 2*u + 20 = 2*r. Let g(s) = -9*s - 12. List the prime factors of g(u).
2, 3, 7
Let m = -115 + 107. What are the prime factors of 4/(-10) + -514*m/80?
3, 17
Let p(i) = 69*i**2 + i. List the prime factors of p(3).
2, 3, 13
Suppose -7*c + 16 = c. Suppose c*p + 3500 = 12*p. What are the prime factors of p?
2, 5, 7
Let i(k) = 5*k**2 - 19*k - 31. Let u(o) = 6*o**2 - 20*o - 32. Let s(r) = 7*i(r) - 6*u(r). What are the prime factors of s(-5)?
3, 5
Suppose -2*l = 11 - 47. Let t = l + 15. What are the prime factors of t?
3, 11
Suppose 2*q - 4*k - 14 = 3*q, -5*k = 10. What are the prime factors of -72*(20/q)/5?
2, 3
Let c = -45 - -48. Suppose -5*x = 2*w - 169, w - c*x = 2*x + 92. List the prime factors of w.
3, 29
Let l be (-63)/(-13) - 12/(-78). Suppose 4*j = -x + 136, -l*j + 96 = 2*x - 182. What are the prime factors of x?
2, 3
List the prime factors of (-4)/(-3) - (-113)/12*4.
3, 13
What are the prime factors of 20/12*(42 + -6)?
2, 3, 5
Suppose -5*k = 3 - 3. Suppose -24*l + 29*l - 195 = k. What are the prime factors of l?
3, 13
Let g be -3*(-12)/9 + -5. What are the prime factors of g/(5/(-10)*2/141)?
3, 47
Suppose 3*v - 156 = 3*h, 9*v + 2*h = 4*v + 274. Let i = 115 - v. What are the prime factors of i?
61
Let y(o) = 217*o**2 - 12*o + 12. List the prime factors of y(2).
2, 107
Suppose 19*t = -7*t + 16146. What are the prime factors of t?
3, 23
Let j = 227 - 17. Let s be (j - -3)*4/6. Suppose 5*a - 5*d - 180 = 0, -4*a + 0*a + s = -5*d. List the prime factors of a.
2, 19
Let o be ((-2)/(-1) - 3)*5. Let b(f) = -7*f - 9. What are the prime